4469813?
1
What is the thousands digit of 26180914?
0
What is the hundred thousands digit of 172622599?
6
What is the thousands digit of 35256713?
6
What is the hundreds digit of 31795995?
9
What is the tens digit of 211961742?
4
What is the tens digit of 111272364?
6
What is the tens digit of 173840689?
8
What is the hundred millions digit of 2294680904?
2
What is the tens digit of 82770580?
8
What is the units digit of 34033490?
0
What is the ten thousands digit of 46779426?
7
What is the units digit of 596688970?
0
What is the hundred thousands digit of 172581083?
5
What is the thousands digit of 423628865?
8
What is the ten thousands digit of 22887362?
8
What is the ten thousands digit of 26499353?
9
What is the units digit of 8136314?
4
What is the units digit of 45635681?
1
What is the hundred millions digit of 171689129?
1
What is the tens digit of 5100636227?
2
What is the tens digit of 104360900?
0
What is the ten thousands digit of 65573714?
7
What is the hundred thousands digit of 47725836?
7
What is the hundreds digit of 1604713098?
0
What is the units digit of 1689763170?
0
What is the millions digit of 129598248?
9
What is the millions digit of 2277656858?
7
What is the hundreds digit of 597648739?
7
What is the units digit of 617881073?
3
What is the units digit of 37967885?
5
What is the hundred millions digit of 7620559013?
6
What is the hundred thousands digit of 10272623?
2
What is the units digit of 105823203?
3
What is the ten thousands digit of 6054770?
5
What is the tens digit of 516785182?
8
What is the hundreds digit of 309872105?
1
What is the millions digit of 492701072?
2
What is the ten thousands digit of 50110399?
1
What is the tens digit of 32757340?
4
What is the hundred thousands digit of 48654251?
6
What is the hundred millions digit of 215641856?
2
What is the thousands digit of 25308586?
8
What is the ten thousands digit of 1146480782?
8
What is the ten thousands digit of 135696324?
9
What is the millions digit of 669915820?
9
What is the millions digit of 85144758?
5
What is the ten millions digit of 3174979854?
7
What is the tens digit of 144879790?
9
What is the hundred thousands digit of 167609471?
6
What is the hundred thousands digit of 489403172?
4
What is the tens digit of 299656389?
8
What is the thousands digit of 84997623?
7
What is the millions digit of 17783941?
7
What is the thousands digit of 15622759?
2
What is the ten thousands digit of 13209657?
0
What is the millions digit of 8501048?
8
What is the ten thousands digit of 32467760?
6
What is the thousands digit of 13394645?
4
What is the ten thousands digit of 796645151?
4
What is the ten thousands digit of 3441413763?
1
What is the thousands digit of 15176973?
6
What is the units digit of 1756672724?
4
What is the units digit of 5978915464?
4
What is the ten millions digit of 1084153866?
8
What is the millions digit of 412555706?
2
What is the thousands digit of 501419408?
9
What is the millions digit of 61419776?
1
What is the units digit of 9604486?
6
What is the hundreds digit of 816973090?
0
What is the hundred thousands digit of 113404579?
4
What is the millions digit of 26685243?
6
What is the ten millions digit of 197383110?
9
What is the millions digit of 782436498?
2
What is the hundred thousands digit of 64675595?
6
What is the hundreds digit of 215601686?
6
What is the millions digit of 228062916?
8
What is the hundred thousands digit of 484204938?
2
What is the hundreds digit of 771891848?
8
What is the thousands digit of 40851663?
1
What is the millions digit of 25058360?
5
What is the hundreds digit of 3014471317?
3
What is the hundred millions digit of 253949031?
2
What is the hundred thousands digit of 366484943?
4
What is the hundreds digit of 30964543?
5
What is the ten thousands digit of 889927301?
2
What is the ten millions digit of 2615256389?
1
What is the thousands digit of 194633049?
3
What is the hundred thousands digit of 343405897?
4
What is the hundreds digit of 2381150418?
4
What is the hundred thousands digit of 1635409?
6
What is the hundred thousands digit of 51248011?
2
What is the hundred thousands digit of 82886706?
8
What is the millions digit of 254105188?
4
What is the hundred thousands digit of 7427112?
4
What is the hundred thousands digit of 54614002?
6
What is the thousands digit of 87172341?
2
What is the billions digit of 1191448893?
1
What is the ten thousands digit of 88093290?
9
What is the ten millions digit of 1244449480?
4
What is the hundreds digit of 3237622840?
8
What is the units digit of 483954871?
1
What is the hundred thousands digit of 34220262?
2
What is the hundred thousands digit of 253421334?
4
What is the hundred millions digit of 345274408?
3
What is the millions digit of 15937916?
5
What is the ten thousands digit of 104298214?
9
What is the ten millions digit of 69456541?
6
What is the thousands digit of 8502631549?
1
What is the units digit of 98940773?
3
What is the units digit of 1846684111?
1
What is the ten thousands digit of 77841292?
4
What is the ten millions digit of 201042957?
0
What is the hundreds digit of 28781560?
5
What is the ten thousands digit of 25508027?
0
What is the ten thousands digit of 892286109?
8
What is the tens digit of 2004497984?
8
What is the hundred millions digit of 125838416?
1
What is the millions digit of 1296444062?
6
What is the hundred millions digit of 288891709?
2
What is the hundreds digit of 108863343?
3
What is the hundreds digit of 94212570?
5
What is the ten millions digit of 26623018?
2
What is the thousands digit of 2083869795?
9
What is the units digit of 1407735?
5
What is the millions digit of 547068067?
7
What is the hundreds digit of 2747619674?
6
What is the units digit of 177992051?
1
What is the tens digit of 68521766?
6
What is the hundreds digit of 96912697?
6
What is the ten thousands digit of 1360756408?
5
What is the millions digit of 115420380?
5
What is the millions digit of 1261603816?
1
What is the thousands digit of 1123632619?
2
What is the thousands digit of 39564065?
4
What is the units digit of 145719765?
5
What is the millions digit of 675556644?
5
What is the ten millions digit of 421690752?
2
What is the millions digit of 264976206?
4
What is the units digit of 81559107?
7
What is the hundreds digit of 3177737619?
6
What is the hundred thousands digit of 64724622?
7
What is the hundreds digit of 133064091?
0
What is the hundred millions digit of 576276444?
5
What is the hundred thousands digit of 601693188?
6
What is the ten millions digit of 193494655?
9
What is the ten thousands digit of 1342763395?
6
What is the hundreds digit of 133860103?
1
What is the hundred thousands digit of 409941885?
9
What is the hundreds digit of 34411452?
4
What is the thousands digit of 109701278?
1
What is the hundred thousands digit of 42993915?
9
What is the millions digit of 194683477?
4
What is the thousands digit of 739422632?
2
What is the hundred thousands digit of 3538884525?
8
What is the thousands digit of 40472416?
2
What is the hundreds digit of 217668589?
5
What is the tens digit of 257112789?
8
What is the tens digit of 976757849?
4
What is the tens digit of 599452111?
1
What is the units digit of 98251327?
7
What is the units digit of 59911342?
2
What is the units digit of 485809260?
0
What is the hundreds digit of 383686737?
7
What is the ten thousands digit of 6042963?
4
What is the ten millions digit of 123551163?
2
What is the thousands digit of 283127845?
7
What is the units digit of 127054365?
5
What is the hundreds digit of 1197593686?
6
What is the ten millions digit of 399125269?
9
What is the ten millions digit of 549883383?
4
What is the tens digit of 1275234994?
9
What is the tens digit of 22767144?
4
What is the thousands digit of 80567348?
7
What is the millions digit of 74770048?
4
What is the thousands digit of 24775163?
5
What is the ten millions digit of 298539077?
9
What is the units digit of 20692507?
7
What is the thousands digit of 446831658?
1
What is the ten thousands digit of 3234072?
3
What is the ten thousands digit of 45966716?
6
What is the thousands digit of 42370401?
0
What is the ten thousands digit of 74412453?
1
What is the ten thousands digit of 44987229?
8
What is 